16
Calculate the greatest common factor of 18372 and 204.
12
What is the greatest common factor of 113 and 18871?
113
What is the highest common factor of 865432 and 16?
8
What is the highest common factor of 408 and 474198?
102
Calculate the highest common divisor of 70 and 26930.
10
Calculate the highest common divisor of 9958 and 208.
26
What is the greatest common factor of 18103 and 43?
43
Calculate the greatest common divisor of 66475 and 25.
25
Calculate the greatest common factor of 468 and 360.
36
What is the greatest common divisor of 404 and 179982?
202
Calculate the highest common divisor of 507 and 33631.
169
What is the highest common factor of 15 and 121515?
15
What is the greatest common factor of 148 and 14023?
37
Calculate the highest common factor of 3850 and 1400.
350
What is the greatest common factor of 50 and 12575?
25
What is the greatest common factor of 246263 and 890?
89
Calculate the greatest common divisor of 396 and 5139.
9
Calculate the highest common divisor of 464 and 4698.
58
Calculate the greatest common factor of 4137 and 84.
21
What is the greatest common factor of 25440 and 7360?
160
Calculate the greatest common factor of 22316 and 504.
28
What is the greatest common factor of 90780 and 60180?
1020
Calculate the highest common factor of 5439 and 36.
3
What is the highest common divisor of 9 and 64188?
9
Calculate the greatest common divisor of 2550 and 502775.
425
What is the highest common divisor of 12 and 15441?
3
What is the greatest common factor of 23319 and 1233?
9
What is the highest common factor of 45 and 5970?
15
What is the greatest common divisor of 23368 and 47752?
1016
Calculate the highest common divisor of 768 and 2396544.
384
What is the greatest common divisor of 7 and 906787?
7
Calculate the highest common divisor of 48 and 14184.
24
Calculate the greatest common factor of 5999 and 2317.
7
What is the greatest common divisor of 1624 and 68614?
406
What is the highest common factor of 2424406 and 214?
214
What is the greatest common factor of 7597652 and 116?
116
Calculate the greatest common factor of 184578 and 6.
6
Calculate the highest common factor of 305691 and 62.
31
What is the greatest common factor of 56 and 31864?
56
Calculate the greatest common divisor of 4 and 63774.
2
Calculate the highest common divisor of 1261406 and 328.
82
Calculate the greatest common divisor of 5856 and 51.
3
Calculate the highest common divisor of 194805 and 33696.
1053
Calculate the highest common factor of 25280 and 140.
20
Calculate the greatest common factor of 6788262 and 13.
13
What is the highest common divisor of 3504 and 180018?
438
What is the greatest common divisor of 16 and 416808?
8
What is the highest common divisor of 4872 and 53679?
87
Calculate the highest common factor of 385 and 7645.
55
What is the highest common divisor of 42 and 63861?
21
What is the greatest common divisor of 129 and 28767?
129
Calculate the greatest common factor of 3588 and 8736.
156
What is the highest common divisor of 1118224 and 423?
47
Calculate the highest common factor of 654279 and 51.
51
What is the highest common divisor of 95568 and 2353?
181
What is the greatest common factor of 26 and 10798?
2
Calculate the greatest common divisor of 165 and 369204.
33
What is the greatest common divisor of 1175 and 25145?
235
Calculate the greatest common factor of 96 and 31404.
12
Calculate the greatest common divisor of 353 and 398537.
353
Calculate the highest common divisor of 2771 and 131867.
163
Calculate the greatest common factor of 8268111 and 9.
9
Calculate the highest common divisor of 935 and 1320.
55
What is the highest common factor of 133287 and 231?
231
What is the greatest common factor of 1056 and 2064?
48
Calculate the highest common divisor of 435564 and 36.
36
What is the greatest common factor of 938448 and 1296?
144
What is the highest common factor of 845 and 138918?
169
What is the highest common divisor of 113639 and 19?
19
What is the greatest common factor of 2440 and 17060?
20
Calculate the highest common factor of 171 and 5130.
171
Calculate the greatest common factor of 51270 and 1410.
30
Calculate the greatest common divisor of 12402 and 3242434.
1378
Calculate the greatest common divisor of 143029 and 8711.
281
Calculate the highest common factor of 9 and 1051.
1
Calculate the greatest common divisor of 133746 and 6.
6
What is the highest common divisor of 60 and 1328724?
12
What is the highest common factor of 1212 and 324?
12
What is the greatest common divisor of 75952 and 297344?
1616
What is the greatest common factor of 1696 and 36?
4
What is the highest common factor of 1983 and 36?
3
What is the greatest common factor of 400 and 7300?
100
Calculate the greatest common divisor of 2320 and 377680.
80
What is the highest common divisor of 1534790 and 1380?
230
Calculate the highest common divisor of 2163 and 57.
3
What is the highest common divisor of 1684 and 1263?
421
Calculate the highest common factor of 43927 and 214799.
403
What is the greatest common factor of 10971 and 1749?
159
What is the highest common factor of 3920 and 9040?
80
Calculate the greatest common divisor of 690 and 206103.
69
Calculate the greatest common divisor of 2967 and 112125.
69
What is the highest common factor of 396 and 627?
33
What is the greatest common divisor of 75862 and 28334?
914
Calculate the greatest common divisor of 4950666 and 98.
98
Calculate the highest common factor of 35 and 265685.
35
Calculate the greatest common factor of 4536 and 25116.
84
What is the highest common factor of 102 and 17697?
51
Calculate the greatest common divisor of 6875 and 325.
25
Calculate the greatest common factor of 4693 and 14417.
13
What is the greatest common factor of 76648 and 2860?
572
Calculate the greatest common factor of 70 and 8830.
10
What is the highest common factor of 3416 and 32?
8
Calculate the greatest common factor of 92 and 49703.
23
What is the highest common factor of 147968 and 1734?
578
Calculate the highest common factor of 4864 and 1539.
19
What is the greatest common divisor of 110781 and 297?
297
Calculate the highest common divisor of 2925 and 4329.
117
Calculate the highest common factor of 128 and 147952.
16
Calculate the highest common divisor of 2140 and 106465.
535
Calculate the highest common factor of 78 and 11760.
6
Calculate the greatest common divisor of 3798950 and 50.
50
Calculate the highest common divisor of 280 and 1599500.
140
Calculate the greatest common divisor of 104844 and 36.
12
Calculate the greatest common divisor of 12833 and 15908.
41
Calculate the highest common divisor of 15786 and 54.
18
What is the greatest common divisor of 5302 and 256424?
482
What is the greatest common divisor of 6 and 350406?
6
Calculate the highest common divisor of 1242843 and 567.
21
Calculate the greatest common divisor of 185878 and 17182.
1562
Calculate the highest common factor of 36 and 1504188.
36
What is the greatest common divisor of 300 and 10970?
10
Calculate the greatest common divisor of 992 and 55632.
16
What is the greatest common divisor of 72265 and 1649?
97
Calculate the greatest common divisor of 35887 and 1411.
17
What is the highest common factor of 180 and 79686?
18
What is the greatest common factor of 60 and 25?
5
Calculate the greatest common divisor of 222 and 210678.
222
What is the highest common divisor of 138 and 50278?
46
What is the greatest common factor of 32 and 5956?
4
Calculate the greatest common factor of 2034 and 6462.
18
What is the highest common divisor of 5465 and 80?
5
Calculate the highest common factor of 28 and 86.
2
What is the highest common factor of 253 and 8426?
11
What is the greatest common factor of 28451 and 46?
23
What is the greatest common divisor of 18676 and 19642?
322
Calculate the greatest common divisor of 3685 and 55.
55
Calculate the highest common factor of 3297135 and 15.
15
What is the highest common divisor of 862291 and 34?
17
What is the highest common factor of 11870 and 2630?
10
What is the highest common factor of 14274 and 6318?
234
Calculate the greatest common factor of 4452 and 14151.
159
What is the highest common divisor of 43155 and 180?
45
Calculate the greatest common divisor